 by 12?
10
Let a(g) = g**3 + 17*g**2 - 23*g - 76. Calculate the remainder when 66 is divided by a(-18).
10
What is the remainder when ((-2655)/30)/(9/(-78)) is divided by 22?
19
Let o = -326 - -350. What is the remainder when o is divided by 9?
6
Suppose f = -5*t + 11, -4*f - 4*t - 12 = 24. Let a = -13 - f. Calculate the remainder when a is divided by 1.
0
Let q(l) = -2*l**3 - 2*l**2 + 3*l + 4. Let i be q(-2). Let a(n) = 3*n - n - n - i + 2. What is the remainder when 1 is divided by a(5)?
0
Let i be 114/15 - 2/(-5). Suppose -5*m + 145 = -i*a + 3*a, 3*a = -3*m + 75. What is the remainder when 106 is divided by m?
25
Let s = 52 + 79. Suppose -5*o + 317 = 2*v, 3*o - s = -v + 59. What is the remainder when o is divided by 24?
15
Let b be 10 + -6 - (-1 - -3). Suppose -2*s + 3*t - 8 = 0, -b*s - 4*t + 24 = 2*s. Let l(r) = r**3 + 3*r - 4. Calculate the remainder when 49 is divided by l(s).
9
Let y be 0 + 12/4 - 0. Suppose 60 = y*n - 108. Suppose n = o + o. What is the remainder when 109 is divided by o?
25
Let x(q) be the second derivative of q**2 - 4*q + 0 - 1/6*q**3. Calculate the remainder when x(-4) is divided by 3.
0
Suppose 5496 = 528*g - 504*g. Calculate the remainder when g is divided by 95.
39
Let b(a) = -a**3 + 5*a**2 + 13*a - 10. Let o be b(10). What is the remainder when (o/6)/(4/(-6)) is divided by 48?
47
Calculate the remainder when 6/10 + (-18627)/(-105) is divided by 30.
28
Suppose -3*n - 22 = -2*a, -9 = 8*a - 13*a - 4*n. What is the remainder when 67 is divided by a?
2
Let f = 323 + -250. What is the remainder when 656 is divided by f?
72
Suppose 8*y - 5 = 563. Calculate the remainder when y is divided by 21.
8
Let m(n) = 34*n - 403. Calculate the remainder when 429 is divided by m(16).
6
Suppose -50*g + 1001 = -37*g. What is the remainder when 307 is divided by g?
76
Let w(x) = -2*x**3 + 20*x**2 + 23*x + 25. Calculate the remainder when 358 is divided by w(11).
34
Let k(x) = 84*x - 4. Let v(u) = 84*u - 3. Let a(h) = -4*k(h) + 5*v(h). What is the remainder when a(1) is divided by 22?
19
Suppose 9 = -10*f + 149. What is the remainder when 237 is divided by f?
13
Suppose -2*c + 154 = j, 3*c - 308 = -c - 5*j. Suppose 2*z + 4*l = z - 10, -30 = -4*z - 2*l. Calculate the remainder when c is divided by z.
7
Let q(l) = 8*l**2 - 39*l + 34. Calculate the remainder when q(7) is divided by 26.
23
Let o(t) = -2*t - 9 + 0*t - 4*t + t**2 - 4*t. Let y be o(11). Suppose 72 = -y*b + 8*b. What is the remainder when 47 is divided by b?
11
Suppose 525 = -83*s + 90*s. What is the remainder when s is divided by 11?
9
Let o(c) = c**2 - 8*c + 9. Calculate the remainder when 74 is divided by o(10).
16
Suppose 30*o + 8 = 2*j + 25*o, -3*j + 12 = 4*o. Let x(b) = -b**2 - 2*b + 6. Let z be x(-5). Let r = z - -20. What is the remainder when r is divided by j?
3
Suppose -2*r = 7 - 17. Suppose 25 = -r*m + 120. Calculate the remainder when m is divided by ((-4)/3)/((-2)/6).
3
Let u = 305 - 270. Calculate the remainder when 95 is divided by u.
25
Suppose -3*p - 5*i = -347 - 187, -4*p + 5*i = -747. Let y = -124 + p. Calculate the remainder when y is divided by 15.
14
Let z(a) = a**2 - 3*a. Let c be z(3). Let f(q) = -2*q**2 + q + 4. What is the remainder when 9 is divided by f(c)?
1
Suppose -798 = -3*q - 16*q. Calculate the remainder when 81 is divided by q.
39
Suppose 4*z - 3*c = 590, 3*c = -2*z - c + 306. Let d = -135 + z. Calculate the remainder when 179 is divided by d.
11
Let b be (0/1)/(10/10). Suppose b = 2*s + 2*w - 166, 2*s - 7*s + 4*w = -397. Calculate the remainder when s is divided by 21.
18
Suppose c + 5*h - 3 = 2*c, 12 = 3*h. Suppose -2*t = -31*t + 1914. Calculate the remainder when t is divided by c.
15
Let s = -297 + 308. What is the remainder when 724 is divided by s?
9
Suppose -3*k + 7*k = 40. Let q be (k/1)/(-5) + 13. Suppose 0*v - q = -v. Calculate the remainder when v is divided by 6.
5
Suppose -9*y + 15 + 21 = 0. Calculate the remainder when 18 + -1*((-4)/y)/(-1) is divided by 9.
8
Let w = -26 - -77. What is the remainder when 558 is divided by w?
48
Let w = 1248 - 873. What is the remainder when w is divided by 14?
11
Let z be (-9)/2*(-220)/15. What is the remainder when 88/(-33)*z/(-8) is divided by 4?
2
Let p = -17 + 14. Calculate the remainder when 3 is divided by -3*(7/p)/7.
0
Let u(i) = -272*i - 64. What is the remainder when u(-1) is divided by 30?
28
Let b(u) = -6*u - 21. Let k = -38 - -25. Calculate the remainder when b(k) is divided by 15.
12
Let k(m) = -m**3 + 4*m**2 + 8*m - 28. Calculate the remainder when 53 is divided by k(3).
3
Suppose 89 - 124 = -7*r. What is the remainder when (4/(-8))/((-2)/72) is divided by r?
3
Let c be ((-1 - 0) + 10/6)*3. Suppose 0 = -4*w + 4*j + 80, w - 2*j - c*j = 32. What is the remainder when w is divided by 6?
4
Let l(b) = 2*b**3 + 17*b**2 - 21*b - 83. Calculate the remainder when 1623 is divided by l(-9).
23
Let j(m) = -84*m + 528. What is the remainder when 1100 is divided by j(6)?
20
Suppose -z + 12*z - 33 = 0. Let y(q) = q. Let o be y(6). Let n = 12 - o. What is the remainder when n is divided by z?
0
Suppose -5*l - 2*a + 11 = 0, 0*a + a + 17 = 5*l. Let c be -3 + (-4 + l)*-5. What is the remainder when (161/(-21))/(c/(-6)) is divided by 13?
10
Suppose -3*g + 5 = 2*g. Let b be g/(-4) + (-2972)/16. Calculate the remainder when 17 is divided by 1/(-3) + b/(-18).
7
Let y = 7 - 3. Suppose -3*j + y*p + p = -42, -j + p + 14 = 0. What is the remainder when 67 is divided by j?
11
Suppose 0 = -h - 0*h + 5. Suppose -h*v + 92 = -v. Suppose 5*c = 96 + 234. Calculate the remainder when c is divided by v.
20
Calculate the remainder when 114 is divided by (-320)/(-60) - (-1)/(-3).
4
Suppose 13*t = 9*t + 48. Let v = -12 + t. Suppose 5*l + 29 = p + l, 2*p - 4*l - 54 = v. What is the remainder when 49 is divided by p?
24
Let d(n) = 2*n**2 - 16*n + 42. What is the remainder when 158 is divided by d(4)?
8
Suppose 108*k = 117*k - 1143. What is the remainder when k is divided by 62?
3
Let v = -32 + 32. Suppose v = 5*l - 7*l + 8. What is the remainder when 19 is divided by l?
3
Let d(w) = -3*w - 25. Let m be d(-10). Suppose -3*g + 331 = m*j, 4*j = 5*g + 170 + 80. What is the remainder when j is divided by 22?
21
Suppose -3*p = -4*p - 8. Let x = -15 - p. Let t = 76 + x. Calculate the remainder when t is divided by 18.
15
Let a(u) = 2*u**3 - 9*u**2 + 6*u - 43. What is the remainder when a(7) is divided by 49?
48
What is the remainder when 301 is divided by -4*42/24 - -112?
91
Let i = -1242 + 1257. Let f(w) = -35*w**3 + 1. Calculate the remainder when f(-1) is divided by i.
6
Suppose z - 4*z + 123 = 0. Let c = -33 + z. Calculate the remainder when 87 is divided by c.
7
Suppose -8*s + 28 + 36 = 0. Suppose 11*q - 90 = s*q. Calculate the remainder when q is divided by 8.
6
Let s(q) = -3*q - 32. Let i be s(10). Let u = i - -148. What is the remainder when u is divided by 22?
20
What is the remainder when 6 is divided by (-1980)/(-528)*16/10?
0
Let r = 175 - 113. What is the remainder when r is divided by 32?
30
Suppose -3079 = -5*x + 5*r + 1896, -4*x = 3*r - 3966. Calculate the remainder when -2*4/(-36) + x/27 is divided by 13.
11
Suppose 21 = z - 5*b, -4*z + 4*b + 24 = -2*z. Let k(o) = o**2 + 8*o - 38. Calculate the remainder when k(-12) is divided by z.
4
What is the remainder when 607 is divided by (5307/(-174))/(1/(-2))?
58
Suppose v = -0*v - 108. Let o(y) = 2*y**3 + 12*y**2 - 2*y + 1. Calculate the remainder when o(-6) is divided by v/(-14) + (-6)/(-21).
5
Let o be 10*-2*(-3)/12. Suppose 4*g - 3 = -o*t, 4*t - 4*g = g + 27. What is the remainder when 5 is divided by t?
2
Suppose -3 = -3*x + 2*x. Calculate the remainder when x is divided by 4/(-7) + (-30)/21 + 5.
0
Let m(x) = -x**2 - 2*x**2 - 6*x + 14 + 2*x**2 - 2. Let q be m(-7). Suppose -4*g - o = -61, -2*o + q*o = 4*g - 41. What is the remainder when 53 is divided by g?
11
Suppose 37*s + 29*s = 11286. What is the remainder when s is divided by 16?
11
Suppose 4*q - 20 = -2*v + 22, 0 = 2*q + 4*v - 6. Let u = -11 + 15. Suppose u*m = -r + 16, -2*m = -r + 2*m. Calculate the remainder when q is divided by r.
5
Let c = -262 + 1074. What is the remainder when c/21 + (-2)/3 is divided by 12?
2
Let m = 37 - 12. Let d = 75 + -28. What is the remainder when d is divided by m?
22
Let 